t x(b) be the third derivative of -b**6/120 + b**5/10 + b**4/6 - b**3 - 7*b**2 - 2*b. What is x(6)?
18
Let r(x) = -2*x - 5. Suppose 4*v + 20 = 3*v - 5*k, -13 = 2*v + k. What is r(v)?
5
Let h(j) = -j**3 - 5*j**2. Suppose -b + 11 = 3*s, 2*b - 7 - 13 = -5*s. Let v = 0 - s. Let t be ((-1)/(-1))/(v/10). Determine h(t).
0
Let x(q) = -q - 4. Suppose 0 = -3*m + m + 10. Suppose -m*i - d - 6 = -2, 5*d = -3*i - 20. Give x(i).
-4
Let r(v) = 2*v - 6. Let o = -6 + 13. Calculate r(o).
8
Let b(t) = 4*t**3 - 8*t**2 - 6*t - 3. Let l(o) = o**3 - o**2 + 1. Let s(p) = b(p) - 3*l(p). Calculate s(6).
-6
Let y(i) = 2*i**3 - 2*i**2 - 3*i - 3. Let l(q) = 3*q**3 - 3*q**2 - 4*q - 4. Let j(m) = -4*l(m) + 5*y(m). Suppose 20 = 6*v + 8. Give j(v).
-5
Let b(k) = -745 - 743 + 1482 + 2*k. Calculate b(7).
8
Let u(y) = -y**3 - 4*y**2 + 5*y - 6. Suppose r + 4 - 7 = 0. Let l = 26 - 16. Suppose -l = r*j - j. What is u(j)?
-6
Let y(n) = -n**2 + 3. Let t = 2 - 2. Suppose 6*z - 3*z = t. What is y(z)?
3
Let u(k) = 2*k**2 + 3*k + k**3 + 3*k**2 - 4 + k**2. Let j(n) = n**3 + 24*n**2 + 21*n - 49. Let a be j(-23). Give u(a).
14
Let p = 2 - 2. Let k(u) = p*u - 4 + 5 + u**3 + u - 3*u + u**2. Suppose -4*j - 10 = j. What is k(j)?
1
Let t(x) = x**2 - 4*x + 2. Let s be t(3). Let y be (2 - 1)/(s/(-4)). Let u(h) = 2 - h - y + h + h. Calculate u(2).
0
Let m(u) = 2*u**3 - 14*u**2 + 17*u - 3. Let b(s) = -s**3 + 7*s**2 - 8*s + 2. Let y(v) = 5*b(v) + 2*m(v). Calculate y(6).
4
Let k(o) be the first derivative of -o**2/2 - o + 2. What is k(2)?
-3
Let j(m) be the third derivative of m**6/120 + m**5/20 - m**4/4 - m**3/2 - 23*m**2. Determine j(-4).
5
Let v(l) = -l + 14. Let d be v(11). Let r(z) = z**3 - 3*z**2 + 2*z. What is r(d)?
6
Let i(p) = -7*p - 1. Let a(n) = n. Let q(d) = -6*a(d) - i(d). What is q(-3)?
-2
Let h(x) be the second derivative of x**3/3 - x**2 - 5*x. Calculate h(3).
4
Suppose -4*x = 1 - 9. Suppose -q = -5*m - 28, -x*q = 5*m - 5*q + 24. Let r(s) = -s**2 - 5*s + 2. Give r(m).
-4
Let w = -23 - -26. Suppose 7*a - 6 = 4*a. Let l(k) = 3*k**2 - 3*k**2 - k**a - w*k + k. Determine l(-4).
-8
Let j(b) = -b. Let t(m) = -m + 4. Let x(v) = 2*j(v) - t(v). Calculate x(0).
-4
Suppose 0 = k + 2*k. Let z be (-3)/(-3)*(k + -5). Let r(v) = v**2 + 3*v - 2. Give r(z).
8
Let a(p) be the first derivative of p**2/2 - 10*p + 1. Let g(n) be the second derivative of n**3/6 + 3*n**2 - n. Let f be g(-6). Give a(f).
-10
Let m(n) = 4 - n**2 - 2*n - 5 + 2*n - n. Let i be 2/6 + 5/3. Suppose -i*p = 2 + 2. What is m(p)?
-3
Let w be (-6)/9*3 + 2. Let l(q) be the second derivative of -3/10*q**5 + 0*q**3 - 1/2*q**2 + 0 + q + w*q**4. Give l(1).
-7
Suppose 0*j = -3*t - j + 21, 0 = 3*t - 3*j - 21. Let b(q) = -q**3 + 6*q**2 + 6*q + 5. Determine b(t).
-2
Let x(f) = -4*f**2 - f + 1. Let g(c) = 9*c**2 + 2*c - 3. Let v(p) = -3*g(p) - 7*x(p). Calculate v(3).
14
Let d(r) = -8*r + 3. Let q be d(2). Let p(u) = -15*u**2 - 14*u + 29. Let b(v) = 7*v**2 + 7*v - 14. Let m(i) = q*b(i) - 6*p(i). What is m(-7)?
8
Let d be -1 - -11 - (0 - 0). Suppose 0 = 5*y - d*y - 10. Let h(r) = -1 - r**3 + 2*r - r**2 + 3*r**2 - r**2. What is h(y)?
7
Let u(b) be the first derivative of -6*b**2 - b - 4. Give u(1).
-13
Let n(b) = -b**3 + b**2 - b + 5. Let t be n(0). Let o(h) = -t + 6*h**2 + 4 + h + 4*h**2. Determine o(1).
10
Let a(x) = -x**2 - 3 + 2*x + 4 - x**3 - x. Let v(y) = -y**3 - 6*y**2 - 5*y - 1. Let t be v(-5). Calculate a(t).
0
Let t(c) = 5*c**2 - 11*c + 12. Let b(x) = -2*x**2 + 4*x - 4. Let z(u) = -8*b(u) - 3*t(u). Suppose d + 3*q = 9, 9*q - 7*q = -d + 7. Calculate z(d).
8
Suppose 5*t = 2*t + 15. Let i(f) = -f**3 + 6*f**2 - 5*f + 2. Let d(p) = p. Let y(q) = -2*d(q) + i(q). Calculate y(t).
-8
Let h(a) = a**3 - 4*a**2 + 2*a + 4. Let g(u) = -u**2 + 6*u + 10. Let j be g(7). What is h(j)?
1
Let g(d) = d**2 - 6*d + 6. Let b be g(4). Let i(j) = 3*j + 3. Give i(b).
-3
Let r = 4 + -10. Let u(a) = a**2 + 5*a - 4. Calculate u(r).
2
Let a(z) be the third derivative of z**5/60 + z**4/8 - z**3/6 - 36*z**2. Let s be (-2 + (-1 - 0))*1. Determine a(s).
-1
Suppose 2*l = 7*l. Let q(x) = 3*x - 5 + l + 8 - x**2. What is q(3)?
3
Let y be (-235)/(-20) - 1/(-4). Let h(d) = -5*d - 5 + 0*d + 4*d + y. Determine h(5).
2
Let v be -6 - -10 - (-2)/(-2). Let w(j) be the third derivative of -j**5/60 + j**4/24 - j**3/6 - j**2. What is w(v)?
-7
Let w = -14 + 22. Let q(p) = -p + 3. Give q(w).
-5
Let n(t) = t**2 - 3*t - 3. Let i be (75/20)/(3/4). What is n(i)?
7
Let a(g) = -g**2. Let r be a(0). Let u(c) = -3*c**2 + r*c**2 - c**3 + 4*c + 7*c**2. Let p(j) = j**3 - 5*j**2 + 4*j + 5. Let z be p(4). Determine u(z).
-5
Suppose -9 = -n + 2*h, -4*n + h + 13 = -2. Suppose n*t - 7*t = 0. Let l(p) = 2*p + t*p + 0*p. Give l(-4).
-8
Let m(x) = x - 5. Let j be 16/12*3 - 2. Let u(o) = 2*o**2 - 2*o + 1. Let a be u(j). Give m(a).
0
Suppose -5*s = -3*s - 12. Let x(z) = -4*z - s + 4*z + z - 1. Determine x(3).
-4
Let c be 1/2 + 6/4. Let k(x) = 0 + 2*x + 2*x**2 + 1 + c. What is k(-2)?
7
Let w(d) = -d**3 - 6*d**2 - 4*d. Suppose -5*o - 3*p = 23, -3*o - 2*p = -o + 10. Calculate w(o).
-16
Suppose 95 = 6*i - i. Let m(g) = 1 - i*g + 1 + 17*g. Give m(5).
-8
Let f = -73 + 73. Let a(o) = o - 6. Give a(f).
-6
Suppose -3*k + 5 = 2*k. Let z = 9 - 7. Suppose -z*a + 3 - k = 0. Let u(s) = -2*s**2 + 1. What is u(a)?
-1
Let p(c) = 4*c - 1. Let o(d) = 5*d - 1. Let g(b) = 5*o(b) - 6*p(b). Suppose 0 = 2*q, -2*q - 25 = 5*v - 0*q. What is g(v)?
-4
Let r(k) be the second derivative of -k**4/12 + 5*k**3/6 + k**2/2 - k. Calculate r(4).
5
Suppose 5*q - 18 + 0 = -4*l, -l = q - 4. Let m = -2 + 1. Let f be (3/(-3) - m)/l. Let h(a) = -a**3 + a - 4. What is h(f)?
-4
Suppose -5*x = 5*f - 25, -x - 4*x = f - 17. Suppose f*d + 4 = 6*d. Let b(a) = -6*a. Let n(o) = o**2 - 3*o. Let i(w) = 3*b(w) - 6*n(w). Give i(d).
-6
Let x(j) = -1 + 6*j - 2*j**2 + 6 + j**2. Suppose -10*m + 60 = -0*m. Determine x(m).
5
Let g(l) = 11 - 2*l**2 + 0*l**3 - 2*l + l**3 - 15. Determine g(3).
-1
Let g(r) = -3*r**3 + r**2 - 1. Let j(u) = -u**2 + 4*u - 3. Suppose 30 = 4*y - y. Suppose -6*x = -x - y. Let o be j(x). Give g(o).
-3
Let z(t) = t**3 - 8*t**2 + 2. Let w(r) = -r**2 - 7*r + 8. Let v be w(-7). Let h be z(v). Let n(g) = -3*g - 4*g**2 + g**h + 4*g**2 + 2*g + 2. Give n(3).
8
Suppose 8*u - f - 25 = 3*u, 0 = 2*u - 5*f + 13. Let j(p) = -2*p + 5. Give j(u).
-7
Suppose 24*m - 19*m - 15 = 0. Let t(p) = -p. Determine t(m).
-3
Let p(z) = -2*z**3 - 5*z**2 + z - 7. Let y be p(-3). Let b(c) = 6*c + 1. What is b(y)?
-5
Let k(c) = c + 13. Suppose o + 1 = 2*s, 4*o - 2*o - s + 11 = 0. Give k(o).
6
Let r(v) = -15*v + 5. Let m(l) = -l + 1. Let a(b) = 6*m(b) - r(b). Give a(-1).
-8
Suppose -h + 4 = -2. Let q be 1 - (-3)/h*2. Let a(j) = -j**3 + 2*j**2 - 3*j + 3. Give a(q).
-3
Suppose -2*y = -3*y - 4*s - 6, 2*y + 2*s = 0. Let x(d) = 3*d - 3. Give x(y).
3
Suppose -5 = -2*o + 3. Let t(c) be the first derivative of c**4/4 - 5*c**3/3 + c**2 + 26. Determine t(o).
-8
Let j(n) = n**3 - 5*n**2 + 6. Let d = -3 + 3. Suppose -g + d = -5. Suppose 0 = 3*u - g - 10. What is j(u)?
6
Let o(y) = -y + 10. Let m(i) = 5*i - 8. Let b be m(3). Calculate o(b).
3
Let z(u) = u - 2. Let s be z(2). Let r(c) = -c**3 + c**2 + 2. Give r(s).
2
Let v = -1 - -2. Let w be v/6 + (-200)/48. Let x(f) be the first derivative of f**3/3 + 2*f**2 - 4*f - 1. Give x(w).
-4
Let j(n) = -3*n - 3. Let t(w) = w. Let i(z) = z - 7. Let x = -1 + 6. Let h be i(x). Let c be t(h). Calculate j(c).
3
Let a = 3 + -1. Let m be (-2)/(-4) - (-1)/a. Let f(p) = 5*p + 1. Determine f(m).
6
Let k(x) = 4*x + 1. Let y(m) = -5*m. Let p(j) = 4*k(j) + 3*y(j). Suppose 4*r + 15 = -2*l + 5*l, -5*l + 4*r = -25. What is p(l)?
9
Let y(f) be the first derivative of -f**2 + 3*f - 12. What is y(6)?
-9
Suppose -5*q = o - 4*o - 1, -2*o = -3*q. Let y(u) = 4*u - 2 - q + 2 + 1. Give y(2).
7
Let g = -5 + 9. Let w(d) be the second derivative of 0*d**3 + 0*d**2 + 0 + 1/3*d**4 - 1/20*d**5 + 2*d. Determine w(g).
0
Let t(h) = 5*h**2 - 9. Let z(i) be the second derivative of -i**4/2 - i**3/6 + 5*i**2 - i. Let b(u) = -7*t(u) - 6*z(u). Give b(-4).
-5
Let i(r) = -r**3. Let n(u) = u**3 - 3*u**2 - 2*u - 6. Let w(b) = 2*i(b) + n(b). What is w(-4)?
18
Suppose -3*g = -2*g - 2. Let p(r) = -g*r - 5*r**2 - 3*r + r**3 + 2*r - 2*r. Calculate p(6).
6
Let n(a) = a**3 - 7*a**2 - 9*a - 2. Let r(